 divided by 117.
114
What is the remainder when 1793 is divided by 33?
11
What is the remainder when 117 is divided by 6?
3
What is the remainder when 27 is divided by 24?
3
Calculate the remainder when 227 is divided by 21.
17
What is the remainder when 79 is divided by 69?
10
Calculate the remainder when 284 is divided by 75.
59
What is the remainder when 805 is divided by 132?
13
What is the remainder when 8 is divided by 2?
0
Calculate the remainder when 78 is divided by 45.
33
Calculate the remainder when 286 is divided by 59.
50
Calculate the remainder when 286 is divided by 137.
12
What is the remainder when 550 is divided by 6?
4
What is the remainder when 167 is divided by 51?
14
What is the remainder when 1541 is divided by 7?
1
What is the remainder when 214 is divided by 41?
9
What is the remainder when 1281 is divided by 117?
111
What is the remainder when 353 is divided by 85?
13
Calculate the remainder when 25 is divided by 13.
12
What is the remainder when 250 is divided by 28?
26
What is the remainder when 1391 is divided by 346?
7
Calculate the remainder when 92 is divided by 22.
4
Calculate the remainder when 1050 is divided by 299.
153
Calculate the remainder when 8542 is divided by 18.
10
What is the remainder when 586 is divided by 7?
5
What is the remainder when 866 is divided by 157?
81
Calculate the remainder when 1070 is divided by 270.
260
Calculate the remainder when 3194 is divided by 9.
8
Calculate the remainder when 213 is divided by 35.
3
Calculate the remainder when 20 is divided by 3.
2
Calculate the remainder when 304 is divided by 31.
25
What is the remainder when 246 is divided by 15?
6
What is the remainder when 1635 is divided by 6?
3
What is the remainder when 713 is divided by 356?
1
Calculate the remainder when 55 is divided by 8.
7
Calculate the remainder when 400 is divided by 23.
9
Calculate the remainder when 2727 is divided by 7.
4
What is the remainder when 767 is divided by 253?
8
Calculate the remainder when 4194 is divided by 70.
64
What is the remainder when 64 is divided by 13?
12
What is the remainder when 4500 is divided by 24?
12
What is the remainder when 1431 is divided by 699?
33
What is the remainder when 278 is divided by 31?
30
What is the remainder when 613 is divided by 9?
1
What is the remainder when 1115 is divided by 86?
83
What is the remainder when 589 is divided by 306?
283
What is the remainder when 3273 is divided by 80?
73
Calculate the remainder when 217 is divided by 62.
31
What is the remainder when 302 is divided by 41?
15
What is the remainder when 606 is divided by 68?
62
Calculate the remainder when 20 is divided by 8.
4
Calculate the remainder when 1461 is divided by 80.
21
What is the remainder when 4041 is divided by 996?
57
What is the remainder when 51 is divided by 36?
15
What is the remainder when 375 is divided by 14?
11
What is the remainder when 413 is divided by 83?
81
What is the remainder when 2274 is divided by 749?
27
What is the remainder when 877 is divided by 10?
7
What is the remainder when 1251 is divided by 53?
32
What is the remainder when 7879 is divided by 37?
35
What is the remainder when 371 is divided by 19?
10
Calculate the remainder when 5523 is divided by 123.
111
What is the remainder when 8058 is divided by 260?
258
What is the remainder when 1473 is divided by 20?
13
Calculate the remainder when 1144 is divided by 31.
28
Calculate the remainder when 130 is divided by 40.
10
What is the remainder when 407 is divided by 15?
2
What is the remainder when 51 is divided by 2?
1
What is the remainder when 4184 is divided by 1040?
24
What is the remainder when 202 is divided by 79?
44
What is the remainder when 308 is divided by 10?
8
What is the remainder when 907 is divided by 35?
32
What is the remainder when 869 is divided by 15?
14
Calculate the remainder when 9677 is divided by 1381.
10
What is the remainder when 68 is divided by 14?
12
What is the remainder when 2405 is divided by 8?
5
What is the remainder when 132 is divided by 103?
29
What is the remainder when 9193 is divided by 121?
118
Calculate the remainder when 173 is divided by 78.
17
What is the remainder when 125 is divided by 9?
8
What is the remainder when 195 is divided by 33?
30
Calculate the remainder when 511 is divided by 34.
1
Calculate the remainder when 359 is divided by 30.
29
Calculate the remainder when 207 is divided by 17.
3
Calculate the remainder when 18 is divided by 6.
0
What is the remainder when 191 is divided by 26?
9
Calculate the remainder when 107 is divided by 12.
11
What is the remainder when 139 is divided by 25?
14
What is the remainder when 521 is divided by 114?
65
What is the remainder when 5507 is divided by 19?
16
What is the remainder when 85 is divided by 46?
39
Calculate the remainder when 84 is divided by 51.
33
What is the remainder when 113 is divided by 34?
11
Calculate the remainder when 1003 is divided by 67.
65
What is the remainder when 143 is divided by 36?
35
Calculate the remainder when 101 is divided by 37.
27
Calculate the remainder when 53 is divided by 13.
1
Calculate the remainder when 1011 is divided by 13.
10
Calculate the remainder when 682 is divided by 36.
34
What is the remainder when 28 is divided by 20?
8
Calculate the remainder when 256 is divided by 10.
6
What is the remainder when 390 is divided by 14?
12
Calculate the remainder when 492 is divided by 61.
4
What is the remainder when 129 is divided by 35?
24
What is the remainder when 102 is divided by 25?
2
What is the remainder when 27 is divided by 1?
0
What is the remainder when 4296 is divided by 20?
16
Calculate the remainder when 357 is divided by 30.
27
Calculate the remainder when 315 is divided by 40.
35
What is the remainder when 99 is divided by 18?
9
Calculate the remainder when 57 is divided by 6.
3
Calculate the remainder when 96 is divided by 12.
0
Calculate the remainder when 17 is divided by 5.
2
Calculate the remainder when 324 is divided by 105.
9
Calculate the remainder when 517 is divided by 104.
101
What is the remainder when 142 is divided by 42?
16
Calculate the remainder when 197 is divided by 11.
10
What is the remainder when 170 is divided by 30?
20
Calculate the remainder when 294 is divided by 50.
44
What is the remainder when 520 is divided by 51?
10
Calculate the remainder when 1033 is divided by 209.
197
What is the remainder when 403 is divided by 67?
1
Calculate the remainder when 356 is divided by 177.
2
Calculate the remainder when 41 is divided by 5.
1
What is the remainder when 182 is divided by 27?
20
Calculate the remainder when 439 is divided by 44.
43
What is the remainder when 3449 is divided by 15?
14
What is the remainder when 48 is divided by 44?
4
Calculate the remainder when 136 is divided by 133.
3
What is the remainder when 1586 is divided by 117?
65
Calculate the remainder when 38 is divided by 23.
15
What is the remainder when 1229 is divided by 95?
89
What is the remainder when 1968 is divided by 58?
54
Calculate the remainder when 6837 is divided by 30.
27
What is the remainder when 1063 is divided by 76?
75
Calculate the remainder when 54 is divided by 42.
12
Calculate the remainder when 76 is divided by 67.
9
Calculate the remainder when 5069 is divided by 118.
113
What is the remainder when 852 is divided by 55?
27
What is the remainder when 213 is divided by 64?
21
What is the remainder when 127 is divided by 13?
10
Calculate the remainder when 208 is divided by 30.
28
Calculate the remainder when 1932 is divided by 147.
21
Calculate the remainder when 351 is divided by 29.
3
What is the remainder when 1795 is divided by 150?
145
What is the remainder when 241 is divided by 11?
10
Calculate the remainder when 2012 is divided by 61.
60
Calculate the remainder when 408 is divided by 8.
0
Calculate the remainder when 525 is divided by 48.
45
What is the remainder when 717 is divided by 4?
1
What is the remainder when 1493 is divided by 18?
17
What is the remainder when 424 is divided by 71?
69
Calculate the remainder when 834 is divided by 206.
10
What is the remainder when 3821 is divided by 20?
1
Calculate the remainder when 262 is divided by 67.
61
Calculate the remainder when 2241 is divided by 